- w - 1. Suppose 5*m + 5*b - 34 = b, -b = -5*m + 4. Give c(m).
-3
Let s = -14 + 129. Let a = s - 111. Let m(v) = a*v - 20 - 15 + 33. Give m(4).
14
Suppose -614*j = -725*j + 222. Let b(k) = 18*k - 12. Determine b(j).
24
Let c(l) = l**2 - 3. Let x(d) = 15*d - 48. Let f be x(4). Let n be (-8)/48 - (-2)/f. Give c(n).
-3
Let i be 21/7 - (9 + -2). Let s be (164/8)/(2*1/i). Let y = -50 - s. Let u(a) = -a**3 - 10*a**2 - 9*a - 2. Determine u(y).
-2
Let h(x) = x - 3. Suppose 4*k = 5*o + 45 + 35, 40 = 2*k - 4*o. Suppose -4*i + 3*c = i + 26, -k = 5*i - 5*c. Calculate h(i).
-10
Let c(a) = 2*a**2 - 8*a - 14. Suppose -74*k + 71*k = l - 19, 10*l = -k - 13. What is c(k)?
28
Let p(w) = w**2 + 4*w + 16. Let h(x) = -5*x**2 - 16*x - 69. Let c(s) = 2*h(s) + 9*p(s). Suppose 2*a - 4*n = 10, 10 = 3*a - 4*n - 5. Give c(a).
1
Suppose -3*k = -3*x + 15, -5*x + 3*k = -1 - 16. Let r(i) = x + 33*i + 0 - 1 - 3 - 34*i. Calculate r(-7).
4
Let y(r) be the first derivative of 6*r**2 - 10*r - 837. Give y(1).
2
Suppose -1520 = -188*t + 36*t. Let b(v) = 0 - v**3 - 11*v + 0 + 6 + 11*v**2. Give b(t).
-4
Let y(l) = 13*l**2 - 3*l - 32. Let r be y(2). Let o(h) = -h**2 + 7*h + 92. Give o(r).
-6
Let y(w) be the first derivative of 11*w + 1/2*w**2 - 28. Determine y(-7).
4
Let y(c) = -3*c**3 + 9*c**2 - 18*c - 1. Let m be y(2). Let g(k) = -k**3 - 24*k**2 + 26*k - 1. What is g(m)?
-26
Let g(b) = -2*b**3 - 14*b**2 - 12*b + 14. Let p = 2442 - 2448. Give g(p).
14
Let q = -604 + 612. Let z(w) = -w**2 + 8*w**2 + 7*w - q - 5*w**2. Determine z(-6).
22
Let b(z) be the third derivative of 24*z**2 - 1/24*z**4 + 0 + 0*z + 1/20*z**5 + 1/360*z**6 + 17/3*z**3. Let k(q) be the first derivative of b(q). Give k(-7).
6
Let n(j) = -j**3 - 10*j**2 - 10*j - 1. Suppose 3*a + 50*a + 15158 = 0. Let c = 277 + a. What is n(c)?
8
Let k be (22 - (-7)/((-63)/36))/((-6)/(-4)). Let s(j) = 3*j - 14. Determine s(k).
22
Let z(n) = n**2 + 19*n + 32. Let y be z(-17). Let h be y/(4/(-6 + -2)). Suppose -2*w = 4*g - w - 12, -4*w - 32 = -h*g. Let p(q) = q - 4. Determine p(g).
0
Let z = 30 + -30. Let c(d) = -12*d**2 + 11*d**2 - 6*d - 2 + z*d + 8. What is c(-6)?
6
Suppose -709*h = 39*h - 65*h - 2049. Let u(w) = 20*w. Calculate u(h).
60
Let v = 2 - 0. Suppose 23*b = 4*b + 3496. Let d(n) = b - 364 - 3*n + 182. Give d(v).
-4
Let m(o) be the second derivative of -o**4/12 - 61*o**3/6 - 212*o**2 - 3*o - 931. Calculate m(-8).
0
Let y(f) = -f**3 - 7*f**2 - 6*f - 3. Let o be ((-6)/9*3)/(-19 + 17). Let h be o + (-4 + 4)/1 - 7. Determine y(h).
-3
Let o = 172 - 168. Suppose o*m - 5 = q, -m = 4*q - 10 - 4. Let v(t) = t**3 - 3*t**2 + 3. Give v(q).
3
Let o(i) = -17*i - 2. Let h be o(-1). Suppose 0*g + h = -3*g. Let l(n) = 7 + 10*n**2 + 2*n - 1 + 3*n - 9*n**2 + 1. Give l(g).
7
Let u be (-36)/(-16)*(-8)/3. Let d(m) be the first derivative of -3*m**2/2 - 6*m + 1246. Determine d(u).
12
Let a(m) = 12*m**2 - 5*m + 2. Let w(f) = 10*f**2 - 5*f + 1. Let d(q) = 4*a(q) - 5*w(q). Calculate d(-3).
-30
Let a(d) be the first derivative of 7*d**4/4 - 2*d**3 + 7*d + 103. Let j(r) = -3*r**3 + 3*r**2 - 3. Let t(u) = 2*a(u) + 5*j(u). What is t(2)?
3
Let v(c) be the third derivative of -c**4/24 + 8*c**3/3 + c**2. Suppose 24*b = 30*b - 6. Let g be 3/b + -25 + 22. Calculate v(g).
16
Let g(t) = t**3 - 19*t**2 - 66*t - 4. Suppose -3*i + 66 = 2*h, 4*i + 239 = 5*h + 327. What is g(i)?
-4
Let f(s) be the third derivative of 5*s**2 + 1/30*s**5 + 1/120*s**6 + 0 - 1/24*s**4 + 0*s + 0*s**3. Give f(-1).
2
Let c(i) = i**3 + 9*i**2 - 3*i - 3. Let n(p) = -p**3 - 11*p**2 + 5*p + 4. Let l(b) = -3*c(b) - 2*n(b). Let k be 3/12 + 36/(-16). Determine l(k).
-9
Let p(z) = -5*z. Suppose -5*i + i - 448 = 0. Suppose -17*v + 1264 - 3151 = 0. Let w = v - i. Calculate p(w).
-5
Let o(v) = v**3 + 7*v**2 - 7*v + 32. Let z be o(-8). Let f = z - 10. Let x(k) = 4*k**3 + 11*k**3 + 4*k**2 + 3 + 3*k - f*k**3. Determine x(-3).
3
Let c(u) = -169*u**2 + 30 + 89*u**2 - 79*u + 78*u**2 + 82*u. What is c(0)?
30
Let w be (-62)/15 - (-200)/1500. Let g(r) = 4*r + 24. What is g(w)?
8
Let f(o) = o**2 - 4*o - 5. Let x(p) = -p**3 + 6*p**2 + 8*p - 3. Suppose 8*g - 17 = -1. Suppose g*n = 21 - 7. Let a be x(n). Give f(a).
-5
Let x(t) be the second derivative of -t**5/20 + 2*t**4/3 - 7*t**3/6 + 7*t**2/2 - 3158*t + 2. Calculate x(7).
7
Let w(f) = f**2 - 3*f - 71. Let d = 22946 + -22934. Determine w(d).
37
Let d(f) = 3*f - 4. Let s = 54 + -37. Suppose 2*z - 3*n + s = 0, 4*z + 1 = -2*n + 7. Let g be 3*(-2 - z - 0) + -2. Give d(g).
-19
Let n(o) = o**3 + o**2 + o - 2. Let y(a) = -a**2 + 17*a + 221. Let u be y(25). Let p = 32 + -55. Let c = p + u. What is n(c)?
-8
Let u(b) be the first derivative of 3*b**2/2 + b + 25. Let h(y) = -y**2 - 18*y - 13. Let f(s) = h(s) + 6*u(s). Give f(0).
-7
Let i(h) = -h**3 - h**2 + 2*h + 1. Suppose 29*c = -54 - 4. Determine i(c).
1
Let y(h) = h + 9. Let x(n) = -n**2 - 13*n - 26. Let s be x(-3). Let u be (s/(-6))/((-30)/(-585)). Calculate y(u).
-4
Let q(d) = d**2 + 25*d + 9. Suppose -20*k + 14*k + 34*k = -700. Calculate q(k).
9
Let r(d) = 649*d**2 - 114*d - 127. Let u(o) = 229*o**2 - 39*o - 42. Let k(m) = -6*r(m) + 17*u(m). Give k(20).
68
Let i(c) = c**3 + 9*c**2 + 10*c - 1. Suppose -26*s + 223 = 41. Let p be (-4 + 3)/1 - s. Determine i(p).
-17
Let c(f) = -111 - f - 112 + 223. Let u(r) be the second derivative of -r**3/6 - 3*r**2 - 5*r. Let y be u(0). What is c(y)?
6
Let j(w) be the first derivative of -8*w**2 - 11*w - 3445. What is j(7)?
-123
Let r(x) = -x - 6. Let h be r(0). Let f(y) = 49 - 118 + 11 + 3*y + 66. Calculate f(h).
-10
Let f(x) be the third derivative of x**5/120 + x**4/6 - 65*x**3/6 - 18*x**2 - 2. Let v(a) be the first derivative of f(a). Give v(6).
10
Suppose -8*t - 133 = 27 - 64. Let j(a) = -a**3 - 14*a**2 - 22*a + 16. What is j(t)?
-8
Let n(m) be the first derivative of -m**4/4 - 37*m**3/3 - 35*m**2 - 6*m + 3219. Determine n(-35).
-6
Let r(k) = 20 - 15*k**2 - 372*k**3 + 194*k**3 + 24*k + 179*k**3. Give r(13).
-6
Let o(s) be the third derivative of -2*s**4/3 + s**3/3 + 26*s**2 - 4. Suppose 4*p + 6 + 3 = u, -4*u + 14 = -5*p. Determine o(p).
34
Let l(b) be the second derivative of b**4/6 - b**3/3 - 7*b**2 + 81*b - 47. Determine l(0).
-14
Let c(y) = 2*y - 1. Let o be c(1). Let b(a) = -2 + 3*a + o - a**2 + 6. Let x(h) = -12*h**2 - 90*h - 103. Let u be x(-6). Calculate b(u).
-5
Suppose -2*g + 3*s = -16, 2*g - 26 = -2*s - 0*s. Let q(l) = l**2 - 4*l + 9. Let v(h) = -4*h**2 + 18*h - 37. Let d(f) = 15*q(f) + 4*v(f). Determine d(g).
-2
Let p(k) = 7*k**2 - 22*k + 13. Let o(w) be the third derivative of w**5/15 - 11*w**4/24 + 7*w**3/6 - 84*w**2. Let n(d) = 5*o(d) - 3*p(d). Give n(10).
6
Let f(j) = -j**3 - 2*j**2 + j - 2. Let m be 45/(-75) - (-1 + (-18)/5). Suppose 0 = 5*c + m*p + 31, 3*c - 2*c + 3*p + 15 = 0. What is f(c)?
4
Let g(d) = -14*d**3 + 99*d**2 - 34*d + 67. Let n(w) = 5*w**3 - 36*w**2 + 11*w - 22. Let z(q) = 6*g(q) + 17*n(q). What is z(19)?
66
Let n(p) = -204*p - 196*p + 12 - 199*p + 598*p. Let a = 19 + -6. What is n(a)?
-1
Let t = 3420 - 3422. Let u(a) = -5*a + 6. Determine u(t).
16
Suppose -18 = -5*y + 3*m, -2*y - 5 = -5*m + 3. Let c(a) = a**2 - 5 + 7 + 2*a - y - a. Let d(k) = k - 6. Let o be d(6). Give c(o).
-4
Let f(v) = -8*v**2 + 32*v + 40. Let w be f(5). Let m(p) be the third derivative of w - 7/6*p**3 - 16*p**2 + 0*p + 1/6*p**4 + 1/60*p**5. Determine m(-7).
14
Let j(z) = z + 18. Let l be 6 - -44*28/(-8). Let b = l - -140. Determine j(b).
10
Suppose 9*i = 38*i - 10005. Let a = i - 338. Let d(n) = -2*n**2 + 10*n - 1. Determine d(a).
-29
Let l(a) = 2284 + 2288 - 4560 + 9*a. What is l(-5)?
-33
Let b(w) = -10 + 4 + 6*w - w**2 + 6. Let q(u) = -4*u**3 - 158*u**2 + 79*u - 34. Let s be q(-40). What is b(s)?
0
Suppose -20 = 5*p, -i + p + 68 = 3*i. Suppose -5*z - 4*t + 0*t + 4 = 0, -4*t - i = 0. Let r(h) = 2*h**3 + 1 - 7 + 3*h - 3*h**3 + 4*h**2. Determine r(z).
6
Let d(g) = -16*g**2 + 2015*g - 2051*g + 18*g**2 - 36. What is d(19)?
2
Let i(d) be the second derivative of -d**4/6 + 4*d**3/3 - 7*d**2/2 + 3*d - 3. Suppose -7*q + 0*q = -35. Calculate i(q).
-17
Let p(c) = -35*c - 633. Let o be p(-18). Let x(f) = -5*f - 7. What is x(o)?
8
Let x(h) = 3*h - 14. Suppose 128*i + 2*s = 129*i - 2, 3*s = 4*i - 13. Determine x(i).
-2
Let x(o) = -6*o + 57. Let m(c) = 6*c**2 - 148*c + 237. Let y be m(23